e 11 = i*q - t, 0 = -2*t - t - 9. What is the units digit of 18 + 0 + q/2?
0
Let g(b) = 2*b**2 + 4*b + 2. Let i be g(-2). Suppose -4*r + 4 = -i*r. Let m = 13 - r. What is the tens digit of m?
1
Let b(m) = -m + 13. Let q be b(10). What is the units digit of (-575)/(-10) + q/2?
9
Suppose 0 = -4*o + 15 + 1, -10 = -w - o. Let j be 149/w - 4/(-24). What is the tens digit of (-184)/(-5) - 20/j?
3
Let d(x) = 12*x + 17. Let n be d(5). Suppose 5*c - n - 273 = 0. What is the tens digit of c?
7
Let i(x) = -4*x**2 - 7*x - 7. Let f be i(-3). Suppose 2*s = 13 - 129. Let q = f - s. What is the units digit of q?
6
Suppose -2*y + 7 + 5 = 0. Suppose 3*o - 12 = 3, -5*d - 4*o = -95. Let i = d - y. What is the units digit of i?
9
Let k = 26 + -23. Suppose 2*l + 12 = 3*h + k*l, 2*l = 4*h - 26. Suppose -2*u = -4*f + 3*f - 1, -h*u + 15 = 0. What is the units digit of f?
5
What is the tens digit of -1*2 + ((-12532)/(-13) - -8)?
7
Let j = 3565 - 1432. What is the tens digit of j?
3
Suppose 3*l - 44 = 4*c - l, 0 = 2*c + l + 7. Let j be (4 - (-36)/(-8))*c. Suppose 3*k + 5 = j*x + 29, -41 = -4*k + x. What is the tens digit of k?
1
Let x(t) = -t**3 + 4*t**2 + t + 1. Let z be x(4). Suppose -37 = -3*j - z*v, 0 = -0*j + j + v - 9. Suppose j*i + 95 = 367. What is the tens digit of i?
6
Suppose 7 - 70 = -7*r. Suppose -11*o = -r*o - 208. What is the units digit of o/10*(-55)/(-22)?
6
Suppose 0 = -3*h - 2*s - 2*s + 12, -2*h + 2*s - 6 = 0. Suppose 3*w + 5*c - 138 = -w, h = w + 4*c - 40. Suppose 5*r - w - 33 = 0. What is the tens digit of r?
1
Let u(o) = 1197*o**3 + 3*o**2 - 7*o + 7. What is the hundreds digit of u(1)?
2
Let b(l) = -5*l - 15. Let n be b(-3). Suppose -3*r + 27 - 6 = n. What is the units digit of r?
7
Suppose -8*n + 640 = -2336. Suppose 2*q - n = -4*q. What is the units digit of q?
2
Let x(k) = 3*k - 21. Let v(t) = -1. Let j(d) = 30*v(d) - 2*x(d). Let s = -107 - -104. What is the tens digit of j(s)?
3
Let n(j) = -1 - 2*j**3 + 2*j**2 + j**3 - 2*j**3 + 4*j**3. Suppose 5*v + 6 = -4, -s = 2*v + 3. What is the units digit of n(s)?
2
Suppose 0*r - 2*r + 125 = f, 4*r + 8 = 0. What is the units digit of f?
9
Let f be (-4 + 5)/(2/10). What is the units digit of f/(-5) - -11*4?
3
Let o(v) = 9*v - 13. Let s be o(2). Suppose -f - s*r + 21 = -10, 4*f + 2*r - 214 = 0. What is the tens digit of f?
5
What is the tens digit of 2261/(15 - 8) + 0?
2
What is the units digit of (-1158)/(-18) + 6/9?
5
Let n be (-5)/(-3) - 8/(-24). Suppose -o - 4*h = -10, 0 = -n*o - 3*h + 35. What is the tens digit of o?
2
What is the units digit of 2385 - ((-50)/(-5) - 13)?
8
Let j(d) = -d - 1. Let n be j(-3). Suppose 9*r = 7*r + 8. Suppose -n*m - 8 = -a, 3*a - r*m = -2 + 26. What is the units digit of a?
8
Let q be (-13)/11 - (-16)/88. Let r be q + -3*3/(-9). Suppose 3*l + 4*n - 55 - 85 = r, n - 125 = -3*l. What is the units digit of l?
0
Let t(l) = 1190*l**2 - 3*l. What is the hundreds digit of t(-2)?
7
Suppose q - 25 = -0*q. Suppose 0 = -4*w + 4*b + 108, 2*b + 0*b - 34 = -2*w. Suppose 3*x = -0*m + m - q, -w = -2*m - x. What is the tens digit of m?
1
Let y = 2070 - 1185. What is the units digit of y?
5
Suppose -4*p + 162 = 3*t, -99 - 21 = -3*p - 3*t. Let z = p + -8. What is the units digit of z?
4
Let u(p) = 2*p**3 - p**2 + 3*p + 2. Let q be u(-2). Let v = -11 - q. Let m = v + -9. What is the units digit of m?
4
Suppose 9 = -7*t + 4*t. Let l = 20 - 46. Let w = t - l. What is the units digit of w?
3
Let u = -76 - -88. Suppose u*g - 2*g = 980. What is the units digit of g?
8
Suppose 3*p - 2*p + 4 = 0. What is the tens digit of p + 4 - 4 - -16?
1
Suppose -24 = -3*t - t. Suppose s = 3*s + t, m - 3*s = 5. Let i(y) = -10*y + 12. What is the units digit of i(m)?
2
What is the tens digit of -5*2/(-10) - (2 + -294)?
9
Suppose 14 = 4*x - 3*x. Suppose -38 = -2*i - x. What is the tens digit of 246/i + 2/4?
2
Let x = 694 + -466. What is the tens digit of x?
2
Let n = 19 - 17. Let j(s) = 16*s + 2. Let c be j(n). Let v = -5 + c. What is the units digit of v?
9
Let n = -107 - -267. Let a = n + -94. What is the tens digit of a?
6
Let l = 661 - 433. Suppose 3*j + 12 = 0, 4*k - l = 3*j - j. What is the units digit of k?
5
Let k = 7 - 2. Let s be (2 - 5 - 0)/(-1). What is the units digit of ((-10)/k)/((-1)/s)?
6
What is the units digit of -3017*7/(-28) + (-1)/4?
4
Let o(j) be the second derivative of j**3/6 - 2*j**2 - 3*j. Let l be o(8). Suppose -l*k + 5*m = -43, 2*m = -2*k + m + 25. What is the tens digit of k?
1
Suppose 4*k = 2835 + 1169. What is the hundreds digit of k?
0
Let r = -5 + 32. Let y(p) = -p**2 - 7*p - 2. Let x be y(-5). Let z = r - x. What is the tens digit of z?
1
Suppose x - 5 = 0, -2*y + x - 2*x = -6787. Suppose -2*k - 227 = -y. What is the tens digit of k/49 + (-2)/7?
3
What is the hundreds digit of 467 + 13 + (2 - 2)?
4
Let h(q) = -q**3 - 11*q**2 + 11*q + 14. Let m be h(-12). Suppose 5*f = -g + 78, -g + 2 = -5*f - m. What is the units digit of g?
3
Let y(q) = q**3 + q**2 + q + 61. Let r = 100 - 100. What is the tens digit of y(r)?
6
Let b = 245 + -198. What is the tens digit of b?
4
Suppose 144*i - 149*i = -2550. What is the units digit of i?
0
Suppose -6 = -2*y + 5*y. Let o = y - -4. Suppose 0 = -g - o*g + 66. What is the units digit of g?
2
Let p be (-1 + (-46)/(-10))/(1/(-30)). Let o = 205 + p. What is the units digit of o?
7
Let l(z) = -z**3 + 11*z**2 + 11*z - 14. Let d be l(12). Let x = d - -8. What is the tens digit of (8/6)/(x/(-783))?
5
Suppose 2*p - 71 = -3*w - 769, 4*p + 460 = -2*w. Let l = 401 + w. What is the tens digit of l?
6
Let g(q) be the third derivative of -q**5/60 + q**4/12 - 4*q**3/3 - 3*q**2. Let m be g(-4). Let z = m - -35. What is the units digit of z?
3
Suppose -3*j = 2*j - 40. Let z = j + -1. Let n = 14 - z. What is the units digit of n?
7
Suppose -12*u + 24*u - 3324 = 0. What is the tens digit of u?
7
Let g(f) = -f**3 - 7*f**2 + 2*f + 14. Let o be g(-7). Suppose -5*v + 457 + 268 = o. What is the tens digit of v?
4
Suppose 447*z = 438*z + 3231. What is the tens digit of z?
5
Let c = 312 - 536. Let s = c + 439. What is the tens digit of s?
1
Suppose -5*z = -2*f - 0*f + 29, 5*z = -2*f - 21. Suppose -3*y + 2*s = -15, -5*y + 4*s + f = -25. Suppose y*l - 136 = l. What is the units digit of l?
8
Let a be (4/(-6))/((40/84)/5). Let w = 229 + a. What is the units digit of w?
2
Let h = -415 - -561. What is the hundreds digit of h?
1
Let p(t) = 13*t + t - 1 - t. Suppose 0 = -5*a + 17*a - 48. What is the tens digit of p(a)?
5
Let q be 1*93/18 + 4/(-24). Suppose q*c - 4*v - 1116 = 0, 4*v + 298 - 78 = c. What is the hundreds digit of c?
2
Let z = 67 - 67. Suppose -2*g + 330 = 2*p, -3*p = -z*p + 5*g - 487. What is the tens digit of p?
6
What is the thousands digit of ((1888/24)/4)/(2/210)?
2
Let c = -5 - -24. Let y = c - -97. What is the units digit of y?
6
Let s = -9 + 7. What is the units digit of 29 + (1 - 0 - s)?
2
Let o(f) = -f**2 - f - 1. Let g be o(-2). What is the units digit of g*(-149)/(-3)*(-1)/1?
9
Let x(m) = -m**3 + 12*m**2 - 9*m - 16. Let l = 3 - -8. Let w be x(l). Let r = w - -9. What is the units digit of r?
5
Let p(m) be the first derivative of -m**3/3 - m**2/2 + 47*m - 13. What is the tens digit of p(0)?
4
Let q = -1136 - -2661. What is the hundreds digit of q?
5
Suppose -2 + 2 = 6*k. Suppose k = 10*m - 7*m - 168. What is the tens digit of m?
5
Let m = -2214 + 3147. What is the units digit of m?
3
Let r = 5 + -6. Let n = -3 - r. What is the units digit of ((-4)/(-6))/(n/(-9))?
3
Suppose 2*q = -4 + 14. Let o = 11 - q. What is the units digit of 2/o + (-212)/(-12)?
8
Let b = 537 - 347. Suppose w + 30 = b. What is the tens digit of w?
6
Let x(h) = 7*h**3 - 6*h**3 + 6*h**2 - h + 1 - 5. Let d = 18 - 24. What is the units digit of x(d)?
2
Let z = -19 + 5. Let b = -12 - z. What is the tens digit of 6/b + (-26)/(-1)?
2
Let u(a) = a**2 - 6*a + 12. Let g be u(4). Suppose -3*o = 2*r + 22, -2*o = -g*r + 50 - 14. Let m(b) = b**3 + 9*b**2 - 10*b + 4. What is the units digit of m(o)?
4
Suppose -5 = 2*v - 13. Suppose -2*w - v = -4*w - 5*x, 5*w + 4*x = 10. Suppose 0 = w*a - 104 + 36. What is the units digit of a?
4
Let q be ((-2)/(-4))/(2/24). Let o be 40/q - (-7)/21. Let g(x) = -x + 9. What is the units digit of g(o)?
2
Let b(u) = -53*u**2 - 4*u - 4. Let d be (-3 - -5) + (-9)/1. Let g(